[INFO] cloning repository https://github.com/Phaiax/sl
[INFO] running `Command { std: "git" "-c" "credential.helper=" "-c" "credential.helper=/workspace/cargo-home/bin/git-credential-null" "clone" "--bare" "https://github.com/Phaiax/sl" "/workspace/cache/git-repos/https%3A%2F%2Fgithub.com%2FPhaiax%2Fsl", kill_on_drop: false }`
[INFO] [stderr] Cloning into bare repository '/workspace/cache/git-repos/https%3A%2F%2Fgithub.com%2FPhaiax%2Fsl'...
[INFO] running `Command { std: "git" "rev-parse" "HEAD", kill_on_drop: false }`
[INFO] [stdout] aa15e3f76a66361c49ee1441757e19486f011fa2
[INFO] checking Phaiax/sl against master#af3c6e733a40e671550e0f0f5aeecaa13772ba56 for pr-74989
[INFO] running `Command { std: "git" "clone" "/workspace/cache/git-repos/https%3A%2F%2Fgithub.com%2FPhaiax%2Fsl" "/workspace/builds/worker-9/source", kill_on_drop: false }`
[INFO] [stderr] Cloning into '/workspace/builds/worker-9/source'...
[INFO] [stderr] done.
[INFO] validating manifest of git repo https://github.com/Phaiax/sl on toolchain af3c6e733a40e671550e0f0f5aeecaa13772ba56
[INFO] running `Command { std: "/workspace/cargo-home/bin/cargo" "+af3c6e733a40e671550e0f0f5aeecaa13772ba56" "read-manifest" "--manifest-path" "Cargo.toml", kill_on_drop: false }`
[INFO] started tweaking git repo https://github.com/Phaiax/sl
[INFO] removed path dependency rspotify from git repo https://github.com/Phaiax/sl
[INFO] finished tweaking git repo https://github.com/Phaiax/sl
[INFO] tweaked toml for git repo https://github.com/Phaiax/sl written to /workspace/builds/worker-9/source/Cargo.toml
[INFO] crate git repo https://github.com/Phaiax/sl already has a lockfile, it will not be regenerated
[INFO] running `Command { std: "/workspace/cargo-home/bin/cargo" "+af3c6e733a40e671550e0f0f5aeecaa13772ba56" "fetch" "--locked" "--manifest-path" "Cargo.toml", kill_on_drop: false }`
[INFO] [stderr] warning: dependency (rspotify) specified without providing a local path, Git repository, or version to use. This will be considered an error in future versions
[INFO] [stderr]     Blocking waiting for file lock on package cache
[INFO] [stderr]     Updating crates.io index
[INFO] [stderr] error: the lock file /workspace/builds/worker-9/source/Cargo.lock needs to be updated but --locked was passed to prevent this
[INFO] [stderr] If you want to try to generate the lock file without accessing the network, use the --offline flag.
[INFO] the lockfile is outdated, regenerating it
[INFO] running `Command { std: "/workspace/cargo-home/bin/cargo" "+af3c6e733a40e671550e0f0f5aeecaa13772ba56" "generate-lockfile" "--manifest-path" "Cargo.toml" "-Zno-index-update", kill_on_drop: false }`
[INFO] [stderr]     Blocking waiting for file lock on package cache
[INFO] running `Command { std: "/workspace/cargo-home/bin/cargo" "+af3c6e733a40e671550e0f0f5aeecaa13772ba56" "fetch" "--locked" "--manifest-path" "Cargo.toml", kill_on_drop: false }`
[INFO] [stderr] warning: dependency (rspotify) specified without providing a local path, Git repository, or version to use. This will be considered an error in future versions
[INFO] [stderr]     Blocking waiting for file lock on package cache
[INFO] [stderr]     Blocking waiting for file lock on package cache
[INFO] running `Command { std: "docker" "create" "-v" "/var/lib/crater-agent-workspace/builds/worker-9/target:/opt/rustwide/target:rw,Z" "-v" "/var/lib/crater-agent-workspace/builds/worker-9/source:/opt/rustwide/workdir:ro,Z" "-v" "/var/lib/crater-agent-workspace/cargo-home:/opt/rustwide/cargo-home:ro,Z" "-v" "/var/lib/crater-agent-workspace/rustup-home:/opt/rustwide/rustup-home:ro,Z" "-e" "SOURCE_DIR=/opt/rustwide/workdir" "-e" "CARGO_TARGET_DIR=/opt/rustwide/target" "-e" "CARGO_HOME=/opt/rustwide/cargo-home" "-e" "RUSTUP_HOME=/opt/rustwide/rustup-home" "-w" "/opt/rustwide/workdir" "-m" "1610612736" "--user" "0:0" "--network" "none" "rustops/crates-build-env@sha256:d92eaeed33fa75130ca1ee6c8a01d1ffb62bac859dfdfb3450e3e5d1c0146529" "/opt/rustwide/cargo-home/bin/cargo" "+af3c6e733a40e671550e0f0f5aeecaa13772ba56" "metadata" "--no-deps" "--format-version=1", kill_on_drop: false }`
[INFO] [stdout] f6213feb6e43a9f23824e8ec45f6913d758b578f7b1b3f16710dda261020eb99
[INFO] [stderr] WARNING: Your kernel does not support swap limit capabilities or the cgroup is not mounted. Memory limited without swap.
[INFO] running `Command { std: "docker" "start" "-a" "f6213feb6e43a9f23824e8ec45f6913d758b578f7b1b3f16710dda261020eb99", kill_on_drop: false }`
[INFO] running `Command { std: "docker" "inspect" "f6213feb6e43a9f23824e8ec45f6913d758b578f7b1b3f16710dda261020eb99", kill_on_drop: false }`
[INFO] running `Command { std: "docker" "rm" "-f" "f6213feb6e43a9f23824e8ec45f6913d758b578f7b1b3f16710dda261020eb99", kill_on_drop: false }`
[INFO] [stdout] f6213feb6e43a9f23824e8ec45f6913d758b578f7b1b3f16710dda261020eb99
[INFO] running `Command { std: "docker" "create" "-v" "/var/lib/crater-agent-workspace/builds/worker-9/target:/opt/rustwide/target:rw,Z" "-v" "/var/lib/crater-agent-workspace/builds/worker-9/source:/opt/rustwide/workdir:ro,Z" "-v" "/var/lib/crater-agent-workspace/cargo-home:/opt/rustwide/cargo-home:ro,Z" "-v" "/var/lib/crater-agent-workspace/rustup-home:/opt/rustwide/rustup-home:ro,Z" "-e" "SOURCE_DIR=/opt/rustwide/workdir" "-e" "CARGO_TARGET_DIR=/opt/rustwide/target" "-e" "CARGO_INCREMENTAL=0" "-e" "RUST_BACKTRACE=full" "-e" "RUSTFLAGS=--cap-lints=forbid" "-e" "CARGO_HOME=/opt/rustwide/cargo-home" "-e" "RUSTUP_HOME=/opt/rustwide/rustup-home" "-w" "/opt/rustwide/workdir" "-m" "1610612736" "--user" "0:0" "--network" "none" "rustops/crates-build-env@sha256:d92eaeed33fa75130ca1ee6c8a01d1ffb62bac859dfdfb3450e3e5d1c0146529" "/opt/rustwide/cargo-home/bin/cargo" "+af3c6e733a40e671550e0f0f5aeecaa13772ba56" "check" "--frozen" "--all" "--all-targets" "--message-format=json", kill_on_drop: false }`
[INFO] [stdout] b5f6ee3b5bc1034d99c2a6fa2ce6de87b71f3d04fe5a3bc5fd285ed72f11f672
[INFO] [stderr] WARNING: Your kernel does not support swap limit capabilities or the cgroup is not mounted. Memory limited without swap.
[INFO] running `Command { std: "docker" "start" "-a" "b5f6ee3b5bc1034d99c2a6fa2ce6de87b71f3d04fe5a3bc5fd285ed72f11f672", kill_on_drop: false }`
[INFO] [stderr] warning: dependency (rspotify) specified without providing a local path, Git repository, or version to use. This will be considered an error in future versions
[INFO] [stderr]     Checking slab v0.4.2
[INFO] [stderr]     Checking either v1.6.0
[INFO] [stderr]     Checking matches v0.1.8
[INFO] [stderr]    Compiling siphasher v0.2.3
[INFO] [stderr]    Compiling syn v0.15.44
[INFO] [stderr]     Checking scopeguard v1.1.0
[INFO] [stderr]    Compiling proc-macro-nested v0.1.6
[INFO] [stderr]    Compiling proc-macro-hack v0.5.18
[INFO] [stderr]    Compiling bitflags v1.2.1
[INFO] [stderr]     Checking pin-utils v0.1.0
[INFO] [stderr]     Checking futures-io v0.3.5
[INFO] [stderr]    Compiling httparse v1.3.4
[INFO] [stderr]     Checking percent-encoding v2.1.0
[INFO] [stderr]     Checking rustc-demangle v0.1.16
[INFO] [stderr]     Checking mime v0.3.16
[INFO] [stderr]    Compiling crc32fast v1.2.0
[INFO] [stderr]     Checking quick-error v1.2.3
[INFO] [stderr]     Checking termcolor v1.1.0
[INFO] [stderr]     Checking rustc-serialize v0.3.24
[INFO] [stderr]     Checking bit-vec v0.6.2
[INFO] [stderr]     Checking webbrowser v0.5.5
[INFO] [stderr]     Checking random v0.12.2
[INFO] [stderr]     Checking tracing-core v0.1.16
[INFO] [stderr]     Checking try_from v0.3.2
[INFO] [stderr]    Compiling openssl-sys v0.9.58
[INFO] [stderr]    Compiling unicase v2.6.0
[INFO] [stderr]     Checking tokio-sync v0.1.8
[INFO] [stderr]    Compiling error-chain v0.12.4
[INFO] [stderr]     Checking http v0.2.1
[INFO] [stderr]     Checking unicode-bidi v0.3.4
[INFO] [stderr]     Checking lock_api v0.3.4
[INFO] [stderr]     Checking humantime v1.3.0
[INFO] [stderr]     Checking itertools v0.8.2
[INFO] [stderr]     Checking log v0.4.11
[INFO] [stderr]     Checking phf_shared v0.7.24
[INFO] [stderr]    Compiling ryu v1.0.5
[INFO] [stderr]     Checking encoding_rs v0.8.24
[INFO] [stderr]     Checking bit-set v0.5.2
[INFO] [stderr]     Checking net2 v0.2.35
[INFO] [stderr]     Checking num_cpus v1.13.0
[INFO] [stderr]     Checking socket2 v0.3.15
[INFO] [stderr]    Compiling rand_os v0.1.3
[INFO] [stderr]    Compiling rand_pcg v0.1.2
[INFO] [stderr]    Compiling rand_chacha v0.1.1
[INFO] [stderr]     Checking crossbeam-utils v0.7.2
[INFO] [stderr]     Checking base64 v0.10.1
[INFO] [stderr]    Compiling quote v0.6.13
[INFO] [stderr]    Compiling parking_lot_core v0.6.2
[INFO] [stderr]    Compiling parking_lot v0.9.0
[INFO] [stderr]    Compiling hyper v0.12.35
[INFO] [stderr]     Checking bytes v0.4.12
[INFO] [stderr]     Checking phf v0.7.24
[INFO] [stderr]     Checking idna v0.2.0
[INFO] [stderr]     Checking idna v0.1.5
[INFO] [stderr]    Compiling syn v1.0.40
[INFO] [stderr]     Checking tracing v0.1.19
[INFO] [stderr]     Checking want v0.3.0
[INFO] [stderr]     Checking want v0.2.0
[INFO] [stderr]     Checking backtrace v0.3.50
[INFO] [stderr]     Checking futures-cpupool v0.1.8
[INFO] [stderr]    Compiling rand v0.6.5
[INFO] [stderr]     Checking mio v0.6.22
[INFO] [stderr]     Checking tokio-executor v0.1.10
[INFO] [stderr]     Checking crossbeam-epoch v0.8.2
[INFO] [stderr]     Checking crossbeam-queue v0.2.3
[INFO] [stderr]     Checking uuid v0.7.4
[INFO] [stderr]     Checking env_logger v0.6.2
[INFO] [stderr]     Checking flate2 v1.0.17
[INFO] [stderr]     Checking tokio-io v0.1.13
[INFO] [stderr]     Checking http v0.1.21
[INFO] [stderr]     Checking string v0.2.1
[INFO] [stderr]     Checking tokio-buf v0.1.1
[INFO] [stderr]     Checking tokio-current-thread v0.1.7
[INFO] [stderr]     Checking tokio-timer v0.2.13
[INFO] [stderr]    Compiling mime_guess v2.0.3
[INFO] [stderr]    Compiling openssl v0.10.30
[INFO] [stderr]    Compiling native-tls v0.2.4
[INFO] [stderr]     Checking url v2.1.1
[INFO] [stderr]     Checking url v1.7.2
[INFO] [stderr]     Checking crossbeam-deque v0.7.3
[INFO] [stderr]     Checking tokio v0.2.22
[INFO] [stderr]     Checking tokio-threadpool v0.1.18
[INFO] [stderr]     Checking tokio-reactor v0.1.12
[INFO] [stderr]    Compiling phf_generator v0.7.24
[INFO] [stderr]     Checking cookie v0.12.0
[INFO] [stderr]    Compiling string_cache_codegen v0.4.4
[INFO] [stderr]    Compiling phf_codegen v0.7.24
[INFO] [stderr]     Checking publicsuffix v1.5.4
[INFO] [stderr]     Checking http-body v0.3.1
[INFO] [stderr]     Checking tokio-tcp v0.1.4
[INFO] [stderr]    Compiling string_cache v0.7.5
[INFO] [stderr]     Checking tokio v0.1.22
[INFO] [stderr]     Checking h2 v0.1.26
[INFO] [stderr]     Checking http-body v0.1.0
[INFO] [stderr]     Checking tokio-util v0.3.1
[INFO] [stderr]     Checking tokio-tls v0.3.1
[INFO] [stderr]    Compiling synstructure v0.12.4
[INFO] [stderr]    Compiling darling_core v0.9.0
[INFO] [stderr]     Checking hyper-tls v0.3.2
[INFO] [stderr]    Compiling html5ever v0.23.0
[INFO] [stderr]    Compiling serde_derive v1.0.116
[INFO] [stderr]    Compiling pin-project-internal v0.4.23
[INFO] [stderr]    Compiling futures-macro v0.3.5
[INFO] [stderr]    Compiling failure_derive v0.1.8
[INFO] [stderr]    Compiling thiserror-impl v1.0.20
[INFO] [stderr]    Compiling darling_macro v0.9.0
[INFO] [stderr]     Checking failure v0.1.8
[INFO] [stderr]     Checking dotenv v0.13.0
[INFO] [stderr]     Checking thiserror v1.0.20
[INFO] [stderr]     Checking pin-project v0.4.23
[INFO] [stderr]     Checking futures-util v0.3.5
[INFO] [stderr]    Compiling darling v0.9.0
[INFO] [stderr]    Compiling derive_builder_core v0.5.0
[INFO] [stderr]    Compiling derive_builder v0.7.2
[INFO] [stderr]     Checking serde v1.0.116
[INFO] [stderr]     Checking futures-executor v0.3.5
[INFO] [stderr]     Checking h2 v0.2.6
[INFO] [stderr]     Checking futures v0.3.5
[INFO] [stderr]     Checking tokio-socks v0.2.2
[INFO] [stderr]     Checking serde_json v1.0.57
[INFO] [stderr]     Checking serde_urlencoded v0.6.1
[INFO] [stderr]     Checking chrono v0.4.15
[INFO] [stderr]     Checking serde_urlencoded v0.5.5
[INFO] [stderr]     Checking cookie_store v0.7.0
[INFO] [stderr]     Checking reqwest v0.9.24
[INFO] [stderr]    Compiling markup5ever v0.8.1
[INFO] [stderr]     Checking hyper v0.13.7
[INFO] [stderr]     Checking select v0.4.3
[INFO] [stderr]     Checking hyper-tls v0.4.3
[INFO] [stderr]     Checking reqwest v0.10.8
[INFO] [stderr]     Checking rspotify v0.10.0
[INFO] [stderr]     Checking spotifylyrics v0.1.0 (/opt/rustwide/workdir)
[INFO] [stdout] error[E0433]: failed to resolve: could not find `spotify` in `rspotify`
[INFO] [stdout]  --> src/main.rs:2:15
[INFO] [stdout]   |
[INFO] [stdout] 2 | use rspotify::spotify::client::Spotify;
[INFO] [stdout]   |               ^^^^^^^ could not find `spotify` in `rspotify`
[INFO] [stdout] 
[INFO] [stdout] 
[INFO] [stdout] error[E0433]: failed to resolve: could not find `spotify` in `rspotify`
[INFO] [stdout]  --> src/main.rs:3:15
[INFO] [stdout]   |
[INFO] [stdout] 3 | use rspotify::spotify::util::get_token;
[INFO] [stdout]   |               ^^^^^^^ could not find `spotify` in `rspotify`
[INFO] [stdout] 
[INFO] [stdout] 
[INFO] [stdout] error[E0433]: failed to resolve: could not find `spotify` in `rspotify`
[INFO] [stdout]  --> src/main.rs:4:15
[INFO] [stdout]   |
[INFO] [stdout] 4 | use rspotify::spotify::oauth2::{SpotifyClientCredentials, SpotifyOAuth};
[INFO] [stdout]   |               ^^^^^^^ could not find `spotify` in `rspotify`
[INFO] [stdout] 
[INFO] [stdout] 
[INFO] [stdout] error[E0433]: failed to resolve: could not find `spotify` in `rspotify`
[INFO] [stdout]   --> src/main.rs:11:15
[INFO] [stdout]    |
[INFO] [stdout] 11 | use rspotify::spotify::model::artist::SimplifiedArtist;
[INFO] [stdout]    |               ^^^^^^^ could not find `spotify` in `rspotify`
[INFO] [stdout] 
[INFO] [stdout] 
[INFO] [stdout] error[E0433]: failed to resolve: could not find `spotify` in `rspotify`
[INFO] [stdout]   --> src/main.rs:12:15
[INFO] [stdout]    |
[INFO] [stdout] 12 | use rspotify::spotify::senum::Country;
[INFO] [stdout]    |               ^^^^^^^ could not find `spotify` in `rspotify`
[INFO] [stdout] 
[INFO] [stdout] 
[INFO] [stdout] error[E0433]: failed to resolve: use of undeclared type or module `Country`
[INFO] [stdout]    --> src/main.rs:113:50
[INFO] [stdout]     |
[INFO] [stdout] 113 |     let currently = spotify.current_playing(Some(Country::Germany));
[INFO] [stdout]     |                                                  ^^^^^^^ use of undeclared type or module `Country`
[INFO] [stdout] 
[INFO] [stdout] 
[INFO] [stdout] error[E0412]: cannot find type `Spotify` in this scope
[INFO] [stdout]   --> src/main.rs:85:35
[INFO] [stdout]    |
[INFO] [stdout] 85 | fn connect_to_spotify() -> Result<Spotify, Error> {
[INFO] [stdout]    |                                   ^^^^^^^ not found in this scope
[INFO] [stdout]    |
[INFO] [stdout] help: consider importing this struct
[INFO] [stdout]    |
[INFO] [stdout] 2  | use rspotify::client::Spotify;
[INFO] [stdout]    |
[INFO] [stdout] 
[INFO] [stdout] 
[INFO] [stdout] error[E0433]: failed to resolve: use of undeclared type or module `SpotifyOAuth`
[INFO] [stdout]   --> src/main.rs:86:21
[INFO] [stdout]    |
[INFO] [stdout] 86 |     let mut oauth = SpotifyOAuth::default()
[INFO] [stdout]    |                     ^^^^^^^^^^^^ not found in this scope
[INFO] [stdout]    |
[INFO] [stdout] help: consider importing this struct
[INFO] [stdout]    |
[INFO] [stdout] 2  | use rspotify::oauth2::SpotifyOAuth;
[INFO] [stdout]    |
[INFO] [stdout] 
[INFO] [stdout] 
[INFO] [stdout] error[E0425]: cannot find function `get_token` in this scope
[INFO] [stdout]   --> src/main.rs:90:11
[INFO] [stdout]    |
[INFO] [stdout] 90 |     match get_token(&mut oauth) {
[INFO] [stdout]    |           ^^^^^^^^^ not found in this scope
[INFO] [stdout]    |
[INFO] [stdout] help: consider importing this function
[INFO] [stdout]    |
[INFO] [stdout] 2  | use rspotify::util::get_token;
[INFO] [stdout]    |
[INFO] [stdout] 
[INFO] [stdout] 
[INFO] [stdout] error[E0433]: failed to resolve: use of undeclared type or module `SpotifyClientCredentials`
[INFO] [stdout]   --> src/main.rs:92:37
[INFO] [stdout]    |
[INFO] [stdout] 92 |             let client_credential = SpotifyClientCredentials::default()
[INFO] [stdout]    |                                     ^^^^^^^^^^^^^^^^^^^^^^^^ not found in this scope
[INFO] [stdout]    |
[INFO] [stdout] help: consider importing this struct
[INFO] [stdout]    |
[INFO] [stdout] 2  | use rspotify::oauth2::SpotifyClientCredentials;
[INFO] [stdout]    |
[INFO] [stdout] 
[INFO] [stdout] 
[INFO] [stdout] error[E0433]: failed to resolve: use of undeclared type or module `Spotify`
[INFO] [stdout]   --> src/main.rs:96:16
[INFO] [stdout]    |
[INFO] [stdout] 96 |             Ok(Spotify::default()
[INFO] [stdout]    |                ^^^^^^^ not found in this scope
[INFO] [stdout]    |
[INFO] [stdout] help: consider importing this struct
[INFO] [stdout]    |
[INFO] [stdout] 2  | use rspotify::client::Spotify;
[INFO] [stdout]    |
[INFO] [stdout] 
[INFO] [stdout] 
[INFO] [stdout] error[E0412]: cannot find type `Spotify` in this scope
[INFO] [stdout]    --> src/main.rs:111:36
[INFO] [stdout]     |
[INFO] [stdout] 111 | fn get_current_song(spotify : &mut Spotify) -> Result<Option<SongInfo>, Error> {
[INFO] [stdout]     |                                    ^^^^^^^ not found in this scope
[INFO] [stdout]     |
[INFO] [stdout] help: consider importing this struct
[INFO] [stdout]     |
[INFO] [stdout] 2   | use rspotify::client::Spotify;
[INFO] [stdout]     |
[INFO] [stdout] 
[INFO] [stdout] 
[INFO] [stdout] error[E0412]: cannot find type `SimplifiedArtist` in this scope
[INFO] [stdout]    --> src/main.rs:128:27
[INFO] [stdout]     |
[INFO] [stdout] 128 |                 let l : &[SimplifiedArtist] = track.artists.as_ref();
[INFO] [stdout]     |                           ^^^^^^^^^^^^^^^^ not found in this scope
[INFO] [stdout]     |
[INFO] [stdout] help: consider importing this struct
[INFO] [stdout]     |
[INFO] [stdout] 2   | use rspotify::model::artist::SimplifiedArtist;
[INFO] [stdout]     |
[INFO] [stdout] 
[INFO] [stdout] 
[INFO] [stdout] warning: unused import: `reqwest::Error as ReqwestError`
[INFO] [stdout]   --> src/main.rs:26:5
[INFO] [stdout]    |
[INFO] [stdout] 26 | use reqwest::Error as ReqwestError;
[INFO] [stdout]    |     ^^^^^^^^^^^^^^^^^^^^^^^^^^^^^^
[INFO] [stdout]    |
[INFO] [stdout]    = note: `#[warn(unused_imports)]` on by default
[INFO] [stdout] 
[INFO] [stdout] 
[INFO] [stdout] error[E0433]: failed to resolve: could not find `spotify` in `rspotify`
[INFO] [stdout]  --> src/main.rs:2:15
[INFO] [stdout]   |
[INFO] [stdout] 2 | use rspotify::spotify::client::Spotify;
[INFO] [stdout]   |               ^^^^^^^ could not find `spotify` in `rspotify`
[INFO] [stdout] 
[INFO] [stdout] 
[INFO] [stdout] error[E0433]: failed to resolve: could not find `spotify` in `rspotify`
[INFO] [stdout]  --> src/main.rs:3:15
[INFO] [stdout]   |
[INFO] [stdout] 3 | use rspotify::spotify::util::get_token;
[INFO] [stdout]   |               ^^^^^^^ could not find `spotify` in `rspotify`
[INFO] [stdout] 
[INFO] [stdout] 
[INFO] [stdout] error[E0433]: failed to resolve: could not find `spotify` in `rspotify`
[INFO] [stdout]  --> src/main.rs:4:15
[INFO] [stdout]   |
[INFO] [stdout] 4 | use rspotify::spotify::oauth2::{SpotifyClientCredentials, SpotifyOAuth};
[INFO] [stdout]   |               ^^^^^^^ could not find `spotify` in `rspotify`
[INFO] [stdout] 
[INFO] [stdout] 
[INFO] [stdout] error[E0433]: failed to resolve: could not find `spotify` in `rspotify`
[INFO] [stdout]   --> src/main.rs:11:15
[INFO] [stdout]    |
[INFO] [stdout] 11 | use rspotify::spotify::model::artist::SimplifiedArtist;
[INFO] [stdout]    |               ^^^^^^^ could not find `spotify` in `rspotify`
[INFO] [stdout] 
[INFO] [stdout] 
[INFO] [stdout] error[E0433]: failed to resolve: could not find `spotify` in `rspotify`
[INFO] [stdout]   --> src/main.rs:12:15
[INFO] [stdout]    |
[INFO] [stdout] 12 | use rspotify::spotify::senum::Country;
[INFO] [stdout]    |               ^^^^^^^ could not find `spotify` in `rspotify`
[INFO] [stdout] 
[INFO] [stdout] 
[INFO] [stdout] error[E0433]: failed to resolve: use of undeclared type or module `Country`
[INFO] [stdout]    --> src/main.rs:113:50
[INFO] [stdout]     |
[INFO] [stdout] 113 |     let currently = spotify.current_playing(Some(Country::Germany));
[INFO] [stdout]     |                                                  ^^^^^^^ use of undeclared type or module `Country`
[INFO] [stdout] 
[INFO] [stdout] 
[INFO] [stdout] error[E0412]: cannot find type `Spotify` in this scope
[INFO] [stdout]   --> src/main.rs:85:35
[INFO] [stdout]    |
[INFO] [stdout] 85 | fn connect_to_spotify() -> Result<Spotify, Error> {
[INFO] [stdout]    |                                   ^^^^^^^ not found in this scope
[INFO] [stdout]    |
[INFO] [stdout] help: consider importing this struct
[INFO] [stdout]    |
[INFO] [stdout] 2  | use rspotify::client::Spotify;
[INFO] [stdout]    |
[INFO] [stdout] 
[INFO] [stdout] 
[INFO] [stdout] error[E0433]: failed to resolve: use of undeclared type or module `SpotifyOAuth`
[INFO] [stdout]   --> src/main.rs:86:21
[INFO] [stdout]    |
[INFO] [stdout] 86 |     let mut oauth = SpotifyOAuth::default()
[INFO] [stdout]    |                     ^^^^^^^^^^^^ not found in this scope
[INFO] [stdout]    |
[INFO] [stdout] help: consider importing this struct
[INFO] [stdout]    |
[INFO] [stdout] 2  | use rspotify::oauth2::SpotifyOAuth;
[INFO] [stdout]    |
[INFO] [stdout] 
[INFO] [stdout] 
[INFO] [stdout] error[E0425]: cannot find function `get_token` in this scope
[INFO] [stdout]   --> src/main.rs:90:11
[INFO] [stdout]    |
[INFO] [stdout] 90 |     match get_token(&mut oauth) {
[INFO] [stdout]    |           ^^^^^^^^^ not found in this scope
[INFO] [stdout]    |
[INFO] [stdout] help: consider importing this function
[INFO] [stdout]    |
[INFO] [stdout] 2  | use rspotify::util::get_token;
[INFO] [stdout]    |
[INFO] [stdout] 
[INFO] [stdout] 
[INFO] [stdout] error[E0433]: failed to resolve: use of undeclared type or module `SpotifyClientCredentials`
[INFO] [stdout]   --> src/main.rs:92:37
[INFO] [stdout]    |
[INFO] [stdout] 92 |             let client_credential = SpotifyClientCredentials::default()
[INFO] [stdout]    |                                     ^^^^^^^^^^^^^^^^^^^^^^^^ not found in this scope
[INFO] [stdout]    |
[INFO] [stdout] help: consider importing this struct
[INFO] [stdout]    |
[INFO] [stdout] 2  | use rspotify::oauth2::SpotifyClientCredentials;
[INFO] [stdout]    |
[INFO] [stdout] 
[INFO] [stdout] 
[INFO] [stdout] error[E0433]: failed to resolve: use of undeclared type or module `Spotify`
[INFO] [stdout]   --> src/main.rs:96:16
[INFO] [stdout]    |
[INFO] [stdout] 96 |             Ok(Spotify::default()
[INFO] [stdout]    |                ^^^^^^^ not found in this scope
[INFO] [stdout]    |
[INFO] [stdout] help: consider importing this struct
[INFO] [stdout]    |
[INFO] [stdout] 2  | use rspotify::client::Spotify;
[INFO] [stdout]    |
[INFO] [stdout] 
[INFO] [stdout] 
[INFO] [stdout] error[E0412]: cannot find type `Spotify` in this scope
[INFO] [stdout]    --> src/main.rs:111:36
[INFO] [stdout]     |
[INFO] [stdout] 111 | fn get_current_song(spotify : &mut Spotify) -> Result<Option<SongInfo>, Error> {
[INFO] [stdout]     |                                    ^^^^^^^ not found in this scope
[INFO] [stdout]     |
[INFO] [stdout] help: consider importing this struct
[INFO] [stdout]     |
[INFO] [stdout] 2   | use rspotify::client::Spotify;
[INFO] [stdout]     |
[INFO] [stdout] 
[INFO] [stdout] 
[INFO] [stdout] error[E0412]: cannot find type `SimplifiedArtist` in this scope
[INFO] [stdout]    --> src/main.rs:128:27
[INFO] [stdout]     |
[INFO] [stdout] 128 |                 let l : &[SimplifiedArtist] = track.artists.as_ref();
[INFO] [stdout]     |                           ^^^^^^^^^^^^^^^^ not found in this scope
[INFO] [stdout]     |
[INFO] [stdout] help: consider importing this struct
[INFO] [stdout]     |
[INFO] [stdout] 2   | use rspotify::model::artist::SimplifiedArtist;
[INFO] [stdout]     |
[INFO] [stdout] 
[INFO] [stdout] 
[INFO] [stdout] warning: unused import: `reqwest::Error as ReqwestError`
[INFO] [stdout]   --> src/main.rs:26:5
[INFO] [stdout]    |
[INFO] [stdout] 26 | use reqwest::Error as ReqwestError;
[INFO] [stdout]    |     ^^^^^^^^^^^^^^^^^^^^^^^^^^^^^^
[INFO] [stdout]    |
[INFO] [stdout]    = note: `#[warn(unused_imports)]` on by default
[INFO] [stdout] 
[INFO] [stdout] 
[INFO] [stdout] error: aborting due to 13 previous errors; 1 warning emitted
[INFO] [stdout] 
[INFO] [stdout] 
[INFO] [stdout] Some errors have detailed explanations: E0412, E0425, E0433.
[INFO] [stdout] 
[INFO] [stdout] For more information about an error, try `rustc --explain E0412`.
[INFO] [stdout] 
[INFO] [stderr] error: could not compile `spotifylyrics`.
[INFO] [stderr] 
[INFO] [stderr] To learn more, run the command again with --verbose.
[INFO] [stderr] warning: build failed, waiting for other jobs to finish...
[INFO] [stdout] error: aborting due to 13 previous errors; 1 warning emitted
[INFO] [stdout] 
[INFO] [stdout] 
[INFO] [stdout] Some errors have detailed explanations: E0412, E0425, E0433.
[INFO] [stdout] 
[INFO] [stdout] For more information about an error, try `rustc --explain E0412`.
[INFO] [stdout] 
[INFO] [stderr] error: build failed
[INFO] running `Command { std: "docker" "inspect" "b5f6ee3b5bc1034d99c2a6fa2ce6de87b71f3d04fe5a3bc5fd285ed72f11f672", kill_on_drop: false }`
[INFO] running `Command { std: "docker" "rm" "-f" "b5f6ee3b5bc1034d99c2a6fa2ce6de87b71f3d04fe5a3bc5fd285ed72f11f672", kill_on_drop: false }`
[INFO] [stdout] b5f6ee3b5bc1034d99c2a6fa2ce6de87b71f3d04fe5a3bc5fd285ed72f11f672
